{"id":460,"date":"2015-02-13T13:38:31","date_gmt":"2015-02-13T11:38:31","guid":{"rendered":"http:\/\/markahikayecisi.com\/?page_id=460"},"modified":"2015-02-17T13:14:37","modified_gmt":"2015-02-17T11:14:37","slug":"tum-yazilar","status":"publish","type":"page","link":"https:\/\/markahikayecisi.com\/?page_id=460","title":{"rendered":"T\u00fcm Yaz\u0131lar"},"content":{"rendered":"<p><a href=\"http:\/\/markahikayecisi.com\/wp-content\/uploads\/2015\/02\/calisma-masasi.jpg\"><img fetchpriority=\"high\" decoding=\"async\" class=\"aligncenter wp-image-479\" src=\"http:\/\/markahikayecisi.com\/wp-content\/uploads\/2015\/02\/calisma-masasi-1024x707.jpg\" alt=\"calisma-masasi\" width=\"750\" height=\"518\" srcset=\"https:\/\/markahikayecisi.com\/wp-content\/uploads\/2015\/02\/calisma-masasi-1024x707.jpg 1024w, https:\/\/markahikayecisi.com\/wp-content\/uploads\/2015\/02\/calisma-masasi-300x207.jpg 300w, https:\/\/markahikayecisi.com\/wp-content\/uploads\/2015\/02\/calisma-masasi-980x676.jpg 980w, https:\/\/markahikayecisi.com\/wp-content\/uploads\/2015\/02\/calisma-masasi-573x395.jpg 573w\" sizes=\"(max-width: 750px) 100vw, 750px\" \/><\/a><\/p>\n","protected":false},"excerpt":{"rendered":"<p><\/p>","protected":false},"author":1,"featured_media":0,"parent":0,"menu_order":0,"comment_status":"open","ping_status":"open","template":"page-archives.php","meta":{"ngg_post_thumbnail":0,"footnotes":""},"categories":[],"tags":[],"yoast_head":"<!-- This site is optimized with the Yoast SEO plugin v23.5 - https:\/\/yoast.com\/wordpress\/plugins\/seo\/ -->\n<title>T\u00fcm Yaz\u0131lar - MarkaHikayecisi<\/title>\n<meta name=\"robots\" content=\"index, follow, max-snippet:-1, max-image-preview:large, max-video-preview:-1\" \/>\n<link rel=\"canonical\" href=\"https:\/\/markahikayecisi.com\/?page_id=460\" \/>\n<meta property=\"og:locale\" content=\"tr_TR\" \/>\n<meta property=\"og:type\" content=\"article\" \/>\n<meta property=\"og:title\" content=\"T\u00fcm Yaz\u0131lar - MarkaHikayecisi\" \/>\n<meta property=\"og:url\" content=\"https:\/\/markahikayecisi.com\/?page_id=460\" \/>\n<meta property=\"og:site_name\" content=\"MarkaHikayecisi\" \/>\n<meta property=\"article:modified_time\" content=\"2015-02-17T11:14:37+00:00\" \/>\n<meta property=\"og:image\" content=\"http:\/\/markahikayecisi.com\/wp-content\/uploads\/2015\/02\/calisma-masasi-1024x707.jpg\" \/>\n<meta name=\"twitter:card\" content=\"summary_large_image\" \/>\n<script type=\"application\/ld+json\" class=\"yoast-schema-graph\">{\"@context\":\"https:\/\/schema.org\",\"@graph\":[{\"@type\":\"WebPage\",\"@id\":\"https:\/\/markahikayecisi.com\/?page_id=460\",\"url\":\"https:\/\/markahikayecisi.com\/?page_id=460\",\"name\":\"T\u00fcm Yaz\u0131lar - MarkaHikayecisi\",\"isPartOf\":{\"@id\":\"https:\/\/markahikayecisi.com\/#website\"},\"primaryImageOfPage\":{\"@id\":\"https:\/\/markahikayecisi.com\/?page_id=460#primaryimage\"},\"image\":{\"@id\":\"https:\/\/markahikayecisi.com\/?page_id=460#primaryimage\"},\"thumbnailUrl\":\"http:\/\/markahikayecisi.com\/wp-content\/uploads\/2015\/02\/calisma-masasi-1024x707.jpg\",\"datePublished\":\"2015-02-13T11:38:31+00:00\",\"dateModified\":\"2015-02-17T11:14:37+00:00\",\"breadcrumb\":{\"@id\":\"https:\/\/markahikayecisi.com\/?page_id=460#breadcrumb\"},\"inLanguage\":\"tr\",\"potentialAction\":[{\"@type\":\"ReadAction\",\"target\":[\"https:\/\/markahikayecisi.com\/?page_id=460\"]}]},{\"@type\":\"ImageObject\",\"inLanguage\":\"tr\",\"@id\":\"https:\/\/markahikayecisi.com\/?page_id=460#primaryimage\",\"url\":\"https:\/\/markahikayecisi.com\/wp-content\/uploads\/2015\/02\/calisma-masasi.jpg\",\"contentUrl\":\"https:\/\/markahikayecisi.com\/wp-content\/uploads\/2015\/02\/calisma-masasi.jpg\",\"width\":3263,\"height\":2252},{\"@type\":\"BreadcrumbList\",\"@id\":\"https:\/\/markahikayecisi.com\/?page_id=460#breadcrumb\",\"itemListElement\":[{\"@type\":\"ListItem\",\"position\":1,\"name\":\"Anasayfa\",\"item\":\"https:\/\/markahikayecisi.com\/\"},{\"@type\":\"ListItem\",\"position\":2,\"name\":\"T\u00fcm Yaz\u0131lar\"}]},{\"@type\":\"WebSite\",\"@id\":\"https:\/\/markahikayecisi.com\/#website\",\"url\":\"https:\/\/markahikayecisi.com\/\",\"name\":\"MarkaHikayecisi\",\"description\":\"Moda, Tasar\u0131m ve L\u00fcks T\u00fcketim Pazarlamas\u0131 \u00dczerine\",\"potentialAction\":[{\"@type\":\"SearchAction\",\"target\":{\"@type\":\"EntryPoint\",\"urlTemplate\":\"https:\/\/markahikayecisi.com\/?s={search_term_string}\"},\"query-input\":{\"@type\":\"PropertyValueSpecification\",\"valueRequired\":true,\"valueName\":\"search_term_string\"}}],\"inLanguage\":\"tr\"}]}<\/script>\n<!-- \/ Yoast SEO plugin. -->","yoast_head_json":{"title":"T\u00fcm Yaz\u0131lar - MarkaHikayecisi","robots":{"index":"index","follow":"follow","max-snippet":"max-snippet:-1","max-image-preview":"max-image-preview:large","max-video-preview":"max-video-preview:-1"},"canonical":"https:\/\/markahikayecisi.com\/?page_id=460","og_locale":"tr_TR","og_type":"article","og_title":"T\u00fcm Yaz\u0131lar - MarkaHikayecisi","og_url":"https:\/\/markahikayecisi.com\/?page_id=460","og_site_name":"MarkaHikayecisi","article_modified_time":"2015-02-17T11:14:37+00:00","og_image":[{"url":"http:\/\/markahikayecisi.com\/wp-content\/uploads\/2015\/02\/calisma-masasi-1024x707.jpg"}],"twitter_card":"summary_large_image","schema":{"@context":"https:\/\/schema.org","@graph":[{"@type":"WebPage","@id":"https:\/\/markahikayecisi.com\/?page_id=460","url":"https:\/\/markahikayecisi.com\/?page_id=460","name":"T\u00fcm Yaz\u0131lar - MarkaHikayecisi","isPartOf":{"@id":"https:\/\/markahikayecisi.com\/#website"},"primaryImageOfPage":{"@id":"https:\/\/markahikayecisi.com\/?page_id=460#primaryimage"},"image":{"@id":"https:\/\/markahikayecisi.com\/?page_id=460#primaryimage"},"thumbnailUrl":"http:\/\/markahikayecisi.com\/wp-content\/uploads\/2015\/02\/calisma-masasi-1024x707.jpg","datePublished":"2015-02-13T11:38:31+00:00","dateModified":"2015-02-17T11:14:37+00:00","breadcrumb":{"@id":"https:\/\/markahikayecisi.com\/?page_id=460#breadcrumb"},"inLanguage":"tr","potentialAction":[{"@type":"ReadAction","target":["https:\/\/markahikayecisi.com\/?page_id=460"]}]},{"@type":"ImageObject","inLanguage":"tr","@id":"https:\/\/markahikayecisi.com\/?page_id=460#primaryimage","url":"https:\/\/markahikayecisi.com\/wp-content\/uploads\/2015\/02\/calisma-masasi.jpg","contentUrl":"https:\/\/markahikayecisi.com\/wp-content\/uploads\/2015\/02\/calisma-masasi.jpg","width":3263,"height":2252},{"@type":"BreadcrumbList","@id":"https:\/\/markahikayecisi.com\/?page_id=460#breadcrumb","itemListElement":[{"@type":"ListItem","position":1,"name":"Anasayfa","item":"https:\/\/markahikayecisi.com\/"},{"@type":"ListItem","position":2,"name":"T\u00fcm Yaz\u0131lar"}]},{"@type":"WebSite","@id":"https:\/\/markahikayecisi.com\/#website","url":"https:\/\/markahikayecisi.com\/","name":"MarkaHikayecisi","description":"Moda, Tasar\u0131m ve L\u00fcks T\u00fcketim Pazarlamas\u0131 \u00dczerine","potentialAction":[{"@type":"SearchAction","target":{"@type":"EntryPoint","urlTemplate":"https:\/\/markahikayecisi.com\/?s={search_term_string}"},"query-input":{"@type":"PropertyValueSpecification","valueRequired":true,"valueName":"search_term_string"}}],"inLanguage":"tr"}]}},"_links":{"self":[{"href":"https:\/\/markahikayecisi.com\/index.php?rest_route=\/wp\/v2\/pages\/460"}],"collection":[{"href":"https:\/\/markahikayecisi.com\/index.php?rest_route=\/wp\/v2\/pages"}],"about":[{"href":"https:\/\/markahikayecisi.com\/index.php?rest_route=\/wp\/v2\/types\/page"}],"author":[{"embeddable":true,"href":"https:\/\/markahikayecisi.com\/index.php?rest_route=\/wp\/v2\/users\/1"}],"replies":[{"embeddable":true,"href":"https:\/\/markahikayecisi.com\/index.php?rest_route=%2Fwp%2Fv2%2Fcomments&post=460"}],"version-history":[{"count":3,"href":"https:\/\/markahikayecisi.com\/index.php?rest_route=\/wp\/v2\/pages\/460\/revisions"}],"predecessor-version":[{"id":2214,"href":"https:\/\/markahikayecisi.com\/index.php?rest_route=\/wp\/v2\/pages\/460\/revisions\/2214"}],"wp:attachment":[{"href":"https:\/\/markahikayecisi.com\/index.php?rest_route=%2Fwp%2Fv2%2Fmedia&parent=460"}],"wp:term":[{"taxonomy":"category","embeddable":true,"href":"https:\/\/markahikayecisi.com\/index.php?rest_route=%2Fwp%2Fv2%2Fcategories&post=460"},{"taxonomy":"post_tag","embeddable":true,"href":"https:\/\/markahikayecisi.com\/index.php?rest_route=%2Fwp%2Fv2%2Ftags&post=460"}],"curies":[{"name":"wp","href":"https:\/\/api.w.org\/{rel}","templated":true}]}}