{"id":827,"date":"2015-05-11T13:32:24","date_gmt":"2015-05-11T11:32:24","guid":{"rendered":"http:\/\/markahikayecisi.com\/?post_type=gallery&#038;p=827"},"modified":"2015-05-11T13:32:24","modified_gmt":"2015-05-11T11:32:24","slug":"saks-fifth-avenue-mayis-dekorasyonu","status":"publish","type":"gallery","link":"https:\/\/markahikayecisi.com\/?gallery=saks-fifth-avenue-mayis-dekorasyonu","title":{"rendered":"Saks Fifth Avenue &#8211; May\u0131s Dekorasyonu"},"content":{"rendered":"<p>Hem bahar\u0131n t\u00fcm g\u00fcc\u00fcyle kendini hissettirmesi hem de Anneler G\u00fcn\u00fc&#8217;nden<img decoding=\"async\" class=\"alignright size-thumbnail wp-image-829\" src=\"http:\/\/markahikayecisi.com\/wp-content\/uploads\/2015\/05\/saks-yellow-window-150x150.jpg\" alt=\"saks-yellow-window\" width=\"150\" height=\"150\" srcset=\"https:\/\/markahikayecisi.com\/wp-content\/uploads\/2015\/05\/saks-yellow-window-150x150.jpg 150w, https:\/\/markahikayecisi.com\/wp-content\/uploads\/2015\/05\/saks-yellow-window-300x300.jpg 300w, https:\/\/markahikayecisi.com\/wp-content\/uploads\/2015\/05\/saks-yellow-window-430x430.jpg 430w, https:\/\/markahikayecisi.com\/wp-content\/uploads\/2015\/05\/saks-yellow-window-80x80.jpg 80w, https:\/\/markahikayecisi.com\/wp-content\/uploads\/2015\/05\/saks-yellow-window.jpg 665w\" sizes=\"(max-width: 150px) 100vw, 150px\" \/> yola \u00e7\u0131kan Saks Fifth\u00a0Avenue, vitrinlerini \u00e7i\u00e7eklere b\u00fcr\u00fcd\u00fc. \u00d6zel olarak, elle haz\u0131rlanan rengarenk vitrinler bence ma\u011fazan\u0131n moday\u0131 ve g\u00fczelli\u011fi \u00e7a\u011fr\u0131\u015ft\u0131ran ruhuna \u00e7ok yak\u0131\u015ft\u0131!<\/p>\n","protected":false},"featured_media":828,"template":"","meta":{"ngg_post_thumbnail":0},"gallery-categories":[],"yoast_head":"<!-- This site is optimized with the Yoast SEO plugin v23.5 - https:\/\/yoast.com\/wordpress\/plugins\/seo\/ -->\n<title>Saks Fifth Avenue - May\u0131s Dekorasyonu - MarkaHikayecisi<\/title>\n<meta name=\"robots\" content=\"index, follow, max-snippet:-1, max-image-preview:large, max-video-preview:-1\" \/>\n<link rel=\"canonical\" href=\"https:\/\/markahikayecisi.com\/?gallery=saks-fifth-avenue-mayis-dekorasyonu\" \/>\n<meta property=\"og:locale\" content=\"tr_TR\" \/>\n<meta property=\"og:type\" content=\"article\" \/>\n<meta property=\"og:title\" content=\"Saks Fifth Avenue - May\u0131s Dekorasyonu - MarkaHikayecisi\" \/>\n<meta property=\"og:description\" content=\"Hem bahar\u0131n t\u00fcm g\u00fcc\u00fcyle kendini hissettirmesi hem de Anneler G\u00fcn\u00fc&#8217;nden yola \u00e7\u0131kan Saks Fifth\u00a0Avenue, vitrinlerini \u00e7i\u00e7eklere...\" \/>\n<meta property=\"og:url\" content=\"https:\/\/markahikayecisi.com\/?gallery=saks-fifth-avenue-mayis-dekorasyonu\" \/>\n<meta property=\"og:site_name\" content=\"MarkaHikayecisi\" \/>\n<meta property=\"og:image\" content=\"https:\/\/markahikayecisi.com\/wp-content\/uploads\/2015\/05\/saks-window-garden.jpg\" \/>\n\t<meta property=\"og:image:width\" content=\"1024\" \/>\n\t<meta property=\"og:image:height\" content=\"1024\" \/>\n\t<meta property=\"og:image:type\" content=\"image\/jpeg\" \/>\n<meta name=\"twitter:card\" content=\"summary_large_image\" \/>\n<script type=\"application\/ld+json\" class=\"yoast-schema-graph\">{\"@context\":\"https:\/\/schema.org\",\"@graph\":[{\"@type\":\"WebPage\",\"@id\":\"https:\/\/markahikayecisi.com\/?gallery=saks-fifth-avenue-mayis-dekorasyonu\",\"url\":\"https:\/\/markahikayecisi.com\/?gallery=saks-fifth-avenue-mayis-dekorasyonu\",\"name\":\"Saks Fifth Avenue - May\u0131s Dekorasyonu - MarkaHikayecisi\",\"isPartOf\":{\"@id\":\"https:\/\/markahikayecisi.com\/#website\"},\"primaryImageOfPage\":{\"@id\":\"https:\/\/markahikayecisi.com\/?gallery=saks-fifth-avenue-mayis-dekorasyonu#primaryimage\"},\"image\":{\"@id\":\"https:\/\/markahikayecisi.com\/?gallery=saks-fifth-avenue-mayis-dekorasyonu#primaryimage\"},\"thumbnailUrl\":\"https:\/\/markahikayecisi.com\/wp-content\/uploads\/2015\/05\/saks-window-garden.jpg\",\"datePublished\":\"2015-05-11T11:32:24+00:00\",\"dateModified\":\"2015-05-11T11:32:24+00:00\",\"breadcrumb\":{\"@id\":\"https:\/\/markahikayecisi.com\/?gallery=saks-fifth-avenue-mayis-dekorasyonu#breadcrumb\"},\"inLanguage\":\"tr\",\"potentialAction\":[{\"@type\":\"ReadAction\",\"target\":[\"https:\/\/markahikayecisi.com\/?gallery=saks-fifth-avenue-mayis-dekorasyonu\"]}]},{\"@type\":\"ImageObject\",\"inLanguage\":\"tr\",\"@id\":\"https:\/\/markahikayecisi.com\/?gallery=saks-fifth-avenue-mayis-dekorasyonu#primaryimage\",\"url\":\"https:\/\/markahikayecisi.com\/wp-content\/uploads\/2015\/05\/saks-window-garden.jpg\",\"contentUrl\":\"https:\/\/markahikayecisi.com\/wp-content\/uploads\/2015\/05\/saks-window-garden.jpg\",\"width\":1024,\"height\":1024},{\"@type\":\"BreadcrumbList\",\"@id\":\"https:\/\/markahikayecisi.com\/?gallery=saks-fifth-avenue-mayis-dekorasyonu#breadcrumb\",\"itemListElement\":[{\"@type\":\"ListItem\",\"position\":1,\"name\":\"Anasayfa\",\"item\":\"https:\/\/markahikayecisi.com\/\"},{\"@type\":\"ListItem\",\"position\":2,\"name\":\"Gallery\",\"item\":\"https:\/\/markahikayecisi.com\/?post_type=gallery\"},{\"@type\":\"ListItem\",\"position\":3,\"name\":\"Saks Fifth Avenue &#8211; May\u0131s Dekorasyonu\"}]},{\"@type\":\"WebSite\",\"@id\":\"https:\/\/markahikayecisi.com\/#website\",\"url\":\"https:\/\/markahikayecisi.com\/\",\"name\":\"MarkaHikayecisi\",\"description\":\"Moda, Tasar\u0131m ve L\u00fcks T\u00fcketim Pazarlamas\u0131 \u00dczerine\",\"potentialAction\":[{\"@type\":\"SearchAction\",\"target\":{\"@type\":\"EntryPoint\",\"urlTemplate\":\"https:\/\/markahikayecisi.com\/?s={search_term_string}\"},\"query-input\":{\"@type\":\"PropertyValueSpecification\",\"valueRequired\":true,\"valueName\":\"search_term_string\"}}],\"inLanguage\":\"tr\"}]}<\/script>\n<!-- \/ Yoast SEO plugin. -->","yoast_head_json":{"title":"Saks Fifth Avenue - May\u0131s Dekorasyonu - MarkaHikayecisi","robots":{"index":"index","follow":"follow","max-snippet":"max-snippet:-1","max-image-preview":"max-image-preview:large","max-video-preview":"max-video-preview:-1"},"canonical":"https:\/\/markahikayecisi.com\/?gallery=saks-fifth-avenue-mayis-dekorasyonu","og_locale":"tr_TR","og_type":"article","og_title":"Saks Fifth Avenue - May\u0131s Dekorasyonu - MarkaHikayecisi","og_description":"Hem bahar\u0131n t\u00fcm g\u00fcc\u00fcyle kendini hissettirmesi hem de Anneler G\u00fcn\u00fc&#8217;nden yola \u00e7\u0131kan Saks Fifth\u00a0Avenue, vitrinlerini \u00e7i\u00e7eklere...","og_url":"https:\/\/markahikayecisi.com\/?gallery=saks-fifth-avenue-mayis-dekorasyonu","og_site_name":"MarkaHikayecisi","og_image":[{"width":1024,"height":1024,"url":"https:\/\/markahikayecisi.com\/wp-content\/uploads\/2015\/05\/saks-window-garden.jpg","type":"image\/jpeg"}],"twitter_card":"summary_large_image","schema":{"@context":"https:\/\/schema.org","@graph":[{"@type":"WebPage","@id":"https:\/\/markahikayecisi.com\/?gallery=saks-fifth-avenue-mayis-dekorasyonu","url":"https:\/\/markahikayecisi.com\/?gallery=saks-fifth-avenue-mayis-dekorasyonu","name":"Saks Fifth Avenue - May\u0131s Dekorasyonu - MarkaHikayecisi","isPartOf":{"@id":"https:\/\/markahikayecisi.com\/#website"},"primaryImageOfPage":{"@id":"https:\/\/markahikayecisi.com\/?gallery=saks-fifth-avenue-mayis-dekorasyonu#primaryimage"},"image":{"@id":"https:\/\/markahikayecisi.com\/?gallery=saks-fifth-avenue-mayis-dekorasyonu#primaryimage"},"thumbnailUrl":"https:\/\/markahikayecisi.com\/wp-content\/uploads\/2015\/05\/saks-window-garden.jpg","datePublished":"2015-05-11T11:32:24+00:00","dateModified":"2015-05-11T11:32:24+00:00","breadcrumb":{"@id":"https:\/\/markahikayecisi.com\/?gallery=saks-fifth-avenue-mayis-dekorasyonu#breadcrumb"},"inLanguage":"tr","potentialAction":[{"@type":"ReadAction","target":["https:\/\/markahikayecisi.com\/?gallery=saks-fifth-avenue-mayis-dekorasyonu"]}]},{"@type":"ImageObject","inLanguage":"tr","@id":"https:\/\/markahikayecisi.com\/?gallery=saks-fifth-avenue-mayis-dekorasyonu#primaryimage","url":"https:\/\/markahikayecisi.com\/wp-content\/uploads\/2015\/05\/saks-window-garden.jpg","contentUrl":"https:\/\/markahikayecisi.com\/wp-content\/uploads\/2015\/05\/saks-window-garden.jpg","width":1024,"height":1024},{"@type":"BreadcrumbList","@id":"https:\/\/markahikayecisi.com\/?gallery=saks-fifth-avenue-mayis-dekorasyonu#breadcrumb","itemListElement":[{"@type":"ListItem","position":1,"name":"Anasayfa","item":"https:\/\/markahikayecisi.com\/"},{"@type":"ListItem","position":2,"name":"Gallery","item":"https:\/\/markahikayecisi.com\/?post_type=gallery"},{"@type":"ListItem","position":3,"name":"Saks Fifth Avenue &#8211; May\u0131s Dekorasyonu"}]},{"@type":"WebSite","@id":"https:\/\/markahikayecisi.com\/#website","url":"https:\/\/markahikayecisi.com\/","name":"MarkaHikayecisi","description":"Moda, Tasar\u0131m ve L\u00fcks T\u00fcketim Pazarlamas\u0131 \u00dczerine","potentialAction":[{"@type":"SearchAction","target":{"@type":"EntryPoint","urlTemplate":"https:\/\/markahikayecisi.com\/?s={search_term_string}"},"query-input":{"@type":"PropertyValueSpecification","valueRequired":true,"valueName":"search_term_string"}}],"inLanguage":"tr"}]}},"_links":{"self":[{"href":"https:\/\/markahikayecisi.com\/index.php?rest_route=\/wp\/v2\/gallery\/827"}],"collection":[{"href":"https:\/\/markahikayecisi.com\/index.php?rest_route=\/wp\/v2\/gallery"}],"about":[{"href":"https:\/\/markahikayecisi.com\/index.php?rest_route=\/wp\/v2\/types\/gallery"}],"wp:featuredmedia":[{"embeddable":true,"href":"https:\/\/markahikayecisi.com\/index.php?rest_route=\/wp\/v2\/media\/828"}],"wp:attachment":[{"href":"https:\/\/markahikayecisi.com\/index.php?rest_route=%2Fwp%2Fv2%2Fmedia&parent=827"}],"wp:term":[{"taxonomy":"gallery-categories","embeddable":true,"href":"https:\/\/markahikayecisi.com\/index.php?rest_route=%2Fwp%2Fv2%2Fgallery-categories&post=827"}],"curies":[{"name":"wp","href":"https:\/\/api.w.org\/{rel}","templated":true}]}}

Saks Fifth Avenue &#8211; Mayıs Dekorasyonu

<p>Hem baharın tüm gücüyle kendini hissettirmesi hem de Anneler Günü&#8217;nden<img decoding="async" class="alignright size-thumbnail wp-image-829" src="http://markahikayecisi.com/wp-content/uploads/2015/05/saks-yellow-window-150x150.jpg" alt="saks-yellow-window" width="150" height="150" srcset="https://markahikayecisi.com/wp-content/uploads/2015/05/saks-yellow-window-150x150.jpg 150w, https://markahikayecisi.com/wp-content/uploads/2015/05/saks-yellow-window-300x300.jpg 300w, https://markahikayecisi.com/wp-content/uploads/2015/05/saks-yellow-window-430x430.jpg 430w, https://markahikayecisi.com/wp-content/uploads/2015/05/saks-yellow-window-80x80.jpg 80w, https://markahikayecisi.com/wp-content/uploads/2015/05/saks-yellow-window.jpg 665w" sizes="(max-width: 150px) 100vw, 150px" /> yola çıkan Saks Fifth Avenue, vitrinlerini çiçeklere bürüdü. Özel olarak, elle hazırlanan rengarenk vitrinler bence mağazanın modayı ve güzelliği çağrıştıran ruhuna çok yakıştı!</p>

<!-- This site is optimized with the Yoast SEO plugin v23.5 - https://yoast.com/wordpress/plugins/seo/ -->
<title>Saks Fifth Avenue - Mayıs Dekorasyonu - MarkaHikayecisi</title>
<meta name="robots" content="index, follow, max-snippet:-1, max-image-preview:large, max-video-preview:-1" />
<link rel="canonical" href="https://markahikayecisi.com/?gallery=saks-fifth-avenue-mayis-dekorasyonu" />
<meta property="og:locale" content="tr_TR" />
<meta property="og:type" content="article" />
<meta property="og:title" content="Saks Fifth Avenue - Mayıs Dekorasyonu - MarkaHikayecisi" />
<meta property="og:description" content="Hem baharın tüm gücüyle kendini hissettirmesi hem de Anneler Günü&#8217;nden yola çıkan Saks Fifth Avenue, vitrinlerini çiçeklere..." />
<meta property="og:url" content="https://markahikayecisi.com/?gallery=saks-fifth-avenue-mayis-dekorasyonu" />
<meta property="og:site_name" content="MarkaHikayecisi" />
<meta property="og:image" content="https://markahikayecisi.com/wp-content/uploads/2015/05/saks-window-garden.jpg" />
	<meta property="og:image:width" content="1024" />
	<meta property="og:image:height" content="1024" />
	<meta property="og:image:type" content="image/jpeg" />
<meta name="twitter:card" content="summary_large_image" />
<script type="application/ld+json" class="yoast-schema-graph">{"@context":"https://schema.org","@graph":[{"@type":"WebPage","@id":"https://markahikayecisi.com/?gallery=saks-fifth-avenue-mayis-dekorasyonu","url":"https://markahikayecisi.com/?gallery=saks-fifth-avenue-mayis-dekorasyonu","name":"Saks Fifth Avenue - Mayıs Dekorasyonu - MarkaHikayecisi","isPartOf":{"@id":"https://markahikayecisi.com/#website"},"primaryImageOfPage":{"@id":"https://markahikayecisi.com/?gallery=saks-fifth-avenue-mayis-dekorasyonu#primaryimage"},"image":{"@id":"https://markahikayecisi.com/?gallery=saks-fifth-avenue-mayis-dekorasyonu#primaryimage"},"thumbnailUrl":"https://markahikayecisi.com/wp-content/uploads/2015/05/saks-window-garden.jpg","datePublished":"2015-05-11T11:32:24+00:00","dateModified":"2015-05-11T11:32:24+00:00","breadcrumb":{"@id":"https://markahikayecisi.com/?gallery=saks-fifth-avenue-mayis-dekorasyonu#breadcrumb"},"inLanguage":"tr","potentialAction":[{"@type":"ReadAction","target":["https://markahikayecisi.com/?gallery=saks-fifth-avenue-mayis-dekorasyonu"]}]},{"@type":"ImageObject","inLanguage":"tr","@id":"https://markahikayecisi.com/?gallery=saks-fifth-avenue-mayis-dekorasyonu#primaryimage","url":"https://markahikayecisi.com/wp-content/uploads/2015/05/saks-window-garden.jpg","contentUrl":"https://markahikayecisi.com/wp-content/uploads/2015/05/saks-window-garden.jpg","width":1024,"height":1024},{"@type":"BreadcrumbList","@id":"https://markahikayecisi.com/?gallery=saks-fifth-avenue-mayis-dekorasyonu#breadcrumb","itemListElement":[{"@type":"ListItem","position":1,"name":"Anasayfa","item":"https://markahikayecisi.com/"},{"@type":"ListItem","position":2,"name":"Gallery","item":"https://markahikayecisi.com/?post_type=gallery"},{"@type":"ListItem","position":3,"name":"Saks Fifth Avenue &#8211; Mayıs Dekorasyonu"}]},{"@type":"WebSite","@id":"https://markahikayecisi.com/#website","url":"https://markahikayecisi.com/","name":"MarkaHikayecisi","description":"Moda, Tasarım ve Lüks Tüketim Pazarlaması Üzerine","potentialAction":[{"@type":"SearchAction","target":{"@type":"EntryPoint","urlTemplate":"https://markahikayecisi.com/?s={search_term_string}"},"query-input":{"@type":"PropertyValueSpecification","valueRequired":true,"valueName":"search_term_string"}}],"inLanguage":"tr"}]}</script>
<!-- / Yoast SEO plugin. -->

Saks Fifth Avenue - Mayıs Dekorasyonu - MarkaHikayecisi

Hem baharın tüm gücüyle kendini hissettirmesi hem de Anneler Günü&#8217;nden yola çıkan Saks Fifth Avenue, vitrinlerini çiçeklere...

Moda, Tasarım ve Lüks Tüketim Pazarlaması Üzerine
