{"id":1434,"date":"2015-12-23T09:25:42","date_gmt":"2015-12-23T07:25:42","guid":{"rendered":"http:\/\/markahikayecisi.com\/?post_type=gallery&#038;p=1434"},"modified":"2015-12-23T09:25:42","modified_gmt":"2015-12-23T07:25:42","slug":"floral-gucci","status":"publish","type":"gallery","link":"https:\/\/markahikayecisi.com\/?gallery=floral-gucci","title":{"rendered":"Floral Gucci"},"content":{"rendered":"<p>Gucci&#8217;nin vitrinleri markan\u0131n Alessandro Michele \u00f6nderli\u011finde de\u011fi\u015fen kimli\u011fine uyum i\u00e7erisinde!<a href=\"http:\/\/markahikayecisi.com\/wp-content\/uploads\/2015\/12\/IMG_2018.jpg\"><img fetchpriority=\"high\" decoding=\"async\" class=\"alignleft size-medium wp-image-1436\" src=\"http:\/\/markahikayecisi.com\/wp-content\/uploads\/2015\/12\/IMG_2018-300x225.jpg\" alt=\"IMG_2018\" width=\"300\" height=\"225\" srcset=\"https:\/\/markahikayecisi.com\/wp-content\/uploads\/2015\/12\/IMG_2018-300x225.jpg 300w, https:\/\/markahikayecisi.com\/wp-content\/uploads\/2015\/12\/IMG_2018-573x430.jpg 573w, https:\/\/markahikayecisi.com\/wp-content\/uploads\/2015\/12\/IMG_2018.jpg 633w\" sizes=\"(max-width: 300px) 100vw, 300px\" \/><\/a> Bu retro \u00e7i\u00e7ek desenlerini \u00e7antalarda, ceketlerde, defile alan\u0131n\u0131 kaplayan hal\u0131da, ma\u011faza i\u00e7i dekorasyonlar\u0131nda g\u00f6rmeye al\u0131\u015ft\u0131k. E \u00f6yleyse vitrinde neden olmas\u0131n?!<\/p>\n","protected":false},"featured_media":1435,"template":"","meta":{"ngg_post_thumbnail":0},"gallery-categories":[],"yoast_head":"<!-- This site is optimized with the Yoast SEO plugin v23.5 - https:\/\/yoast.com\/wordpress\/plugins\/seo\/ -->\n<title>Floral Gucci - MarkaHikayecisi<\/title>\n<meta name=\"robots\" content=\"index, follow, max-snippet:-1, max-image-preview:large, max-video-preview:-1\" \/>\n<link rel=\"canonical\" href=\"https:\/\/markahikayecisi.com\/?gallery=floral-gucci\" \/>\n<meta property=\"og:locale\" content=\"tr_TR\" \/>\n<meta property=\"og:type\" content=\"article\" \/>\n<meta property=\"og:title\" content=\"Floral Gucci - MarkaHikayecisi\" \/>\n<meta property=\"og:description\" content=\"Gucci&#8217;nin vitrinleri markan\u0131n Alessandro Michele \u00f6nderli\u011finde de\u011fi\u015fen kimli\u011fine uyum i\u00e7erisinde! Bu retro \u00e7i\u00e7ek desenlerini \u00e7antalarda, ceketlerde,...\" \/>\n<meta property=\"og:url\" content=\"https:\/\/markahikayecisi.com\/?gallery=floral-gucci\" \/>\n<meta property=\"og:site_name\" content=\"MarkaHikayecisi\" \/>\n<meta property=\"og:image\" content=\"https:\/\/markahikayecisi.com\/wp-content\/uploads\/2015\/12\/IMG_2021.jpg\" \/>\n\t<meta property=\"og:image:width\" content=\"620\" \/>\n\t<meta property=\"og:image:height\" content=\"465\" \/>\n\t<meta property=\"og:image:type\" content=\"image\/jpeg\" \/>\n<meta name=\"twitter:card\" content=\"summary_large_image\" \/>\n<script type=\"application\/ld+json\" class=\"yoast-schema-graph\">{\"@context\":\"https:\/\/schema.org\",\"@graph\":[{\"@type\":\"WebPage\",\"@id\":\"https:\/\/markahikayecisi.com\/?gallery=floral-gucci\",\"url\":\"https:\/\/markahikayecisi.com\/?gallery=floral-gucci\",\"name\":\"Floral Gucci - MarkaHikayecisi\",\"isPartOf\":{\"@id\":\"https:\/\/markahikayecisi.com\/#website\"},\"primaryImageOfPage\":{\"@id\":\"https:\/\/markahikayecisi.com\/?gallery=floral-gucci#primaryimage\"},\"image\":{\"@id\":\"https:\/\/markahikayecisi.com\/?gallery=floral-gucci#primaryimage\"},\"thumbnailUrl\":\"https:\/\/markahikayecisi.com\/wp-content\/uploads\/2015\/12\/IMG_2021.jpg\",\"datePublished\":\"2015-12-23T07:25:42+00:00\",\"dateModified\":\"2015-12-23T07:25:42+00:00\",\"breadcrumb\":{\"@id\":\"https:\/\/markahikayecisi.com\/?gallery=floral-gucci#breadcrumb\"},\"inLanguage\":\"tr\",\"potentialAction\":[{\"@type\":\"ReadAction\",\"target\":[\"https:\/\/markahikayecisi.com\/?gallery=floral-gucci\"]}]},{\"@type\":\"ImageObject\",\"inLanguage\":\"tr\",\"@id\":\"https:\/\/markahikayecisi.com\/?gallery=floral-gucci#primaryimage\",\"url\":\"https:\/\/markahikayecisi.com\/wp-content\/uploads\/2015\/12\/IMG_2021.jpg\",\"contentUrl\":\"https:\/\/markahikayecisi.com\/wp-content\/uploads\/2015\/12\/IMG_2021.jpg\",\"width\":620,\"height\":465},{\"@type\":\"BreadcrumbList\",\"@id\":\"https:\/\/markahikayecisi.com\/?gallery=floral-gucci#breadcrumb\",\"itemListElement\":[{\"@type\":\"ListItem\",\"position\":1,\"name\":\"Anasayfa\",\"item\":\"https:\/\/markahikayecisi.com\/\"},{\"@type\":\"ListItem\",\"position\":2,\"name\":\"Gallery\",\"item\":\"https:\/\/markahikayecisi.com\/?post_type=gallery\"},{\"@type\":\"ListItem\",\"position\":3,\"name\":\"Floral Gucci\"}]},{\"@type\":\"WebSite\",\"@id\":\"https:\/\/markahikayecisi.com\/#website\",\"url\":\"https:\/\/markahikayecisi.com\/\",\"name\":\"MarkaHikayecisi\",\"description\":\"Moda, Tasar\u0131m ve L\u00fcks T\u00fcketim Pazarlamas\u0131 \u00dczerine\",\"potentialAction\":[{\"@type\":\"SearchAction\",\"target\":{\"@type\":\"EntryPoint\",\"urlTemplate\":\"https:\/\/markahikayecisi.com\/?s={search_term_string}\"},\"query-input\":{\"@type\":\"PropertyValueSpecification\",\"valueRequired\":true,\"valueName\":\"search_term_string\"}}],\"inLanguage\":\"tr\"}]}<\/script>\n<!-- \/ Yoast SEO plugin. -->","yoast_head_json":{"title":"Floral Gucci - MarkaHikayecisi","robots":{"index":"index","follow":"follow","max-snippet":"max-snippet:-1","max-image-preview":"max-image-preview:large","max-video-preview":"max-video-preview:-1"},"canonical":"https:\/\/markahikayecisi.com\/?gallery=floral-gucci","og_locale":"tr_TR","og_type":"article","og_title":"Floral Gucci - MarkaHikayecisi","og_description":"Gucci&#8217;nin vitrinleri markan\u0131n Alessandro Michele \u00f6nderli\u011finde de\u011fi\u015fen kimli\u011fine uyum i\u00e7erisinde! Bu retro \u00e7i\u00e7ek desenlerini \u00e7antalarda, ceketlerde,...","og_url":"https:\/\/markahikayecisi.com\/?gallery=floral-gucci","og_site_name":"MarkaHikayecisi","og_image":[{"width":620,"height":465,"url":"https:\/\/markahikayecisi.com\/wp-content\/uploads\/2015\/12\/IMG_2021.jpg","type":"image\/jpeg"}],"twitter_card":"summary_large_image","schema":{"@context":"https:\/\/schema.org","@graph":[{"@type":"WebPage","@id":"https:\/\/markahikayecisi.com\/?gallery=floral-gucci","url":"https:\/\/markahikayecisi.com\/?gallery=floral-gucci","name":"Floral Gucci - MarkaHikayecisi","isPartOf":{"@id":"https:\/\/markahikayecisi.com\/#website"},"primaryImageOfPage":{"@id":"https:\/\/markahikayecisi.com\/?gallery=floral-gucci#primaryimage"},"image":{"@id":"https:\/\/markahikayecisi.com\/?gallery=floral-gucci#primaryimage"},"thumbnailUrl":"https:\/\/markahikayecisi.com\/wp-content\/uploads\/2015\/12\/IMG_2021.jpg","datePublished":"2015-12-23T07:25:42+00:00","dateModified":"2015-12-23T07:25:42+00:00","breadcrumb":{"@id":"https:\/\/markahikayecisi.com\/?gallery=floral-gucci#breadcrumb"},"inLanguage":"tr","potentialAction":[{"@type":"ReadAction","target":["https:\/\/markahikayecisi.com\/?gallery=floral-gucci"]}]},{"@type":"ImageObject","inLanguage":"tr","@id":"https:\/\/markahikayecisi.com\/?gallery=floral-gucci#primaryimage","url":"https:\/\/markahikayecisi.com\/wp-content\/uploads\/2015\/12\/IMG_2021.jpg","contentUrl":"https:\/\/markahikayecisi.com\/wp-content\/uploads\/2015\/12\/IMG_2021.jpg","width":620,"height":465},{"@type":"BreadcrumbList","@id":"https:\/\/markahikayecisi.com\/?gallery=floral-gucci#breadcrumb","itemListElement":[{"@type":"ListItem","position":1,"name":"Anasayfa","item":"https:\/\/markahikayecisi.com\/"},{"@type":"ListItem","position":2,"name":"Gallery","item":"https:\/\/markahikayecisi.com\/?post_type=gallery"},{"@type":"ListItem","position":3,"name":"Floral Gucci"}]},{"@type":"WebSite","@id":"https:\/\/markahikayecisi.com\/#website","url":"https:\/\/markahikayecisi.com\/","name":"MarkaHikayecisi","description":"Moda, Tasar\u0131m ve L\u00fcks T\u00fcketim Pazarlamas\u0131 \u00dczerine","potentialAction":[{"@type":"SearchAction","target":{"@type":"EntryPoint","urlTemplate":"https:\/\/markahikayecisi.com\/?s={search_term_string}"},"query-input":{"@type":"PropertyValueSpecification","valueRequired":true,"valueName":"search_term_string"}}],"inLanguage":"tr"}]}},"_links":{"self":[{"href":"https:\/\/markahikayecisi.com\/index.php?rest_route=\/wp\/v2\/gallery\/1434"}],"collection":[{"href":"https:\/\/markahikayecisi.com\/index.php?rest_route=\/wp\/v2\/gallery"}],"about":[{"href":"https:\/\/markahikayecisi.com\/index.php?rest_route=\/wp\/v2\/types\/gallery"}],"wp:featuredmedia":[{"embeddable":true,"href":"https:\/\/markahikayecisi.com\/index.php?rest_route=\/wp\/v2\/media\/1435"}],"wp:attachment":[{"href":"https:\/\/markahikayecisi.com\/index.php?rest_route=%2Fwp%2Fv2%2Fmedia&parent=1434"}],"wp:term":[{"taxonomy":"gallery-categories","embeddable":true,"href":"https:\/\/markahikayecisi.com\/index.php?rest_route=%2Fwp%2Fv2%2Fgallery-categories&post=1434"}],"curies":[{"name":"wp","href":"https:\/\/api.w.org\/{rel}","templated":true}]}}

<p>Gucci&#8217;nin vitrinleri markanın Alessandro Michele önderliğinde değişen kimliğine uyum içerisinde!<a href="http://markahikayecisi.com/wp-content/uploads/2015/12/IMG_2018.jpg"><img fetchpriority="high" decoding="async" class="alignleft size-medium wp-image-1436" src="http://markahikayecisi.com/wp-content/uploads/2015/12/IMG_2018-300x225.jpg" alt="IMG_2018" width="300" height="225" srcset="https://markahikayecisi.com/wp-content/uploads/2015/12/IMG_2018-300x225.jpg 300w, https://markahikayecisi.com/wp-content/uploads/2015/12/IMG_2018-573x430.jpg 573w, https://markahikayecisi.com/wp-content/uploads/2015/12/IMG_2018.jpg 633w" sizes="(max-width: 300px) 100vw, 300px" /></a> Bu retro çiçek desenlerini çantalarda, ceketlerde, defile alanını kaplayan halıda, mağaza içi dekorasyonlarında görmeye alıştık. E öyleyse vitrinde neden olmasın?!</p>

<!-- This site is optimized with the Yoast SEO plugin v23.5 - https://yoast.com/wordpress/plugins/seo/ -->
<title>Floral Gucci - MarkaHikayecisi</title>
<meta name="robots" content="index, follow, max-snippet:-1, max-image-preview:large, max-video-preview:-1" />
<link rel="canonical" href="https://markahikayecisi.com/?gallery=floral-gucci" />
<meta property="og:locale" content="tr_TR" />
<meta property="og:type" content="article" />
<meta property="og:title" content="Floral Gucci - MarkaHikayecisi" />
<meta property="og:description" content="Gucci&#8217;nin vitrinleri markanın Alessandro Michele önderliğinde değişen kimliğine uyum içerisinde! Bu retro çiçek desenlerini çantalarda, ceketlerde,..." />
<meta property="og:url" content="https://markahikayecisi.com/?gallery=floral-gucci" />
<meta property="og:site_name" content="MarkaHikayecisi" />
<meta property="og:image" content="https://markahikayecisi.com/wp-content/uploads/2015/12/IMG_2021.jpg" />
	<meta property="og:image:width" content="620" />
	<meta property="og:image:height" content="465" />
	<meta property="og:image:type" content="image/jpeg" />
<meta name="twitter:card" content="summary_large_image" />
<script type="application/ld+json" class="yoast-schema-graph">{"@context":"https://schema.org","@graph":[{"@type":"WebPage","@id":"https://markahikayecisi.com/?gallery=floral-gucci","url":"https://markahikayecisi.com/?gallery=floral-gucci","name":"Floral Gucci - MarkaHikayecisi","isPartOf":{"@id":"https://markahikayecisi.com/#website"},"primaryImageOfPage":{"@id":"https://markahikayecisi.com/?gallery=floral-gucci#primaryimage"},"image":{"@id":"https://markahikayecisi.com/?gallery=floral-gucci#primaryimage"},"thumbnailUrl":"https://markahikayecisi.com/wp-content/uploads/2015/12/IMG_2021.jpg","datePublished":"2015-12-23T07:25:42+00:00","dateModified":"2015-12-23T07:25:42+00:00","breadcrumb":{"@id":"https://markahikayecisi.com/?gallery=floral-gucci#breadcrumb"},"inLanguage":"tr","potentialAction":[{"@type":"ReadAction","target":["https://markahikayecisi.com/?gallery=floral-gucci"]}]},{"@type":"ImageObject","inLanguage":"tr","@id":"https://markahikayecisi.com/?gallery=floral-gucci#primaryimage","url":"https://markahikayecisi.com/wp-content/uploads/2015/12/IMG_2021.jpg","contentUrl":"https://markahikayecisi.com/wp-content/uploads/2015/12/IMG_2021.jpg","width":620,"height":465},{"@type":"BreadcrumbList","@id":"https://markahikayecisi.com/?gallery=floral-gucci#breadcrumb","itemListElement":[{"@type":"ListItem","position":1,"name":"Anasayfa","item":"https://markahikayecisi.com/"},{"@type":"ListItem","position":2,"name":"Gallery","item":"https://markahikayecisi.com/?post_type=gallery"},{"@type":"ListItem","position":3,"name":"Floral Gucci"}]},{"@type":"WebSite","@id":"https://markahikayecisi.com/#website","url":"https://markahikayecisi.com/","name":"MarkaHikayecisi","description":"Moda, Tasarım ve Lüks Tüketim Pazarlaması Üzerine","potentialAction":[{"@type":"SearchAction","target":{"@type":"EntryPoint","urlTemplate":"https://markahikayecisi.com/?s={search_term_string}"},"query-input":{"@type":"PropertyValueSpecification","valueRequired":true,"valueName":"search_term_string"}}],"inLanguage":"tr"}]}</script>
<!-- / Yoast SEO plugin. -->

Gucci&#8217;nin vitrinleri markanın Alessandro Michele önderliğinde değişen kimliğine uyum içerisinde! Bu retro çiçek desenlerini çantalarda, ceketlerde,...

Moda, Tasarım ve Lüks Tüketim Pazarlaması Üzerine
