{"id":1431,"date":"2015-12-23T09:22:20","date_gmt":"2015-12-23T07:22:20","guid":{"rendered":"http:\/\/markahikayecisi.com\/?post_type=gallery&#038;p=1431"},"modified":"2015-12-23T09:22:20","modified_gmt":"2015-12-23T07:22:20","slug":"festive-valentino","status":"publish","type":"gallery","link":"https:\/\/markahikayecisi.com\/?gallery=festive-valentino","title":{"rendered":"Festive Valentino"},"content":{"rendered":"<p><img fetchpriority=\"high\" decoding=\"async\" class=\"alignleft size-medium wp-image-1433\" src=\"http:\/\/markahikayecisi.com\/wp-content\/uploads\/2015\/12\/IMG_2013-225x300.jpg\" alt=\"IMG_2013\" width=\"225\" height=\"300\" srcset=\"https:\/\/markahikayecisi.com\/wp-content\/uploads\/2015\/12\/IMG_2013-225x300.jpg 225w, https:\/\/markahikayecisi.com\/wp-content\/uploads\/2015\/12\/IMG_2013-322x430.jpg 322w, https:\/\/markahikayecisi.com\/wp-content\/uploads\/2015\/12\/IMG_2013.jpg 464w\" sizes=\"(max-width: 225px) 100vw, 225px\" \/>Buras\u0131 Valentino&#8217;nun Milano ma\u011fazas\u0131. Vitrinlerin y\u0131lba\u015f\u0131 \u015fark\u0131lar\u0131na ait notalarla s\u00fcslenmesi sizce de \u00e7ok sempatik de\u011fil mi? :)<\/p>\n","protected":false},"featured_media":1432,"template":"","meta":{"ngg_post_thumbnail":0},"gallery-categories":[],"yoast_head":"<!-- This site is optimized with the Yoast SEO plugin v23.5 - https:\/\/yoast.com\/wordpress\/plugins\/seo\/ -->\n<title>Festive Valentino - MarkaHikayecisi<\/title>\n<meta name=\"robots\" content=\"index, follow, max-snippet:-1, max-image-preview:large, max-video-preview:-1\" \/>\n<link rel=\"canonical\" href=\"https:\/\/markahikayecisi.com\/?gallery=festive-valentino\" \/>\n<meta property=\"og:locale\" content=\"tr_TR\" \/>\n<meta property=\"og:type\" content=\"article\" \/>\n<meta property=\"og:title\" content=\"Festive Valentino - MarkaHikayecisi\" \/>\n<meta property=\"og:description\" content=\"Buras\u0131 Valentino&#8217;nun Milano ma\u011fazas\u0131. Vitrinlerin y\u0131lba\u015f\u0131 \u015fark\u0131lar\u0131na ait notalarla s\u00fcslenmesi sizce de \u00e7ok sempatik de\u011fil mi?...\" \/>\n<meta property=\"og:url\" content=\"https:\/\/markahikayecisi.com\/?gallery=festive-valentino\" \/>\n<meta property=\"og:site_name\" content=\"MarkaHikayecisi\" \/>\n<meta property=\"og:image\" content=\"https:\/\/markahikayecisi.com\/wp-content\/uploads\/2015\/12\/IMG_2015.jpg\" \/>\n\t<meta property=\"og:image:width\" content=\"480\" \/>\n\t<meta property=\"og:image:height\" content=\"640\" \/>\n\t<meta property=\"og:image:type\" content=\"image\/jpeg\" \/>\n<meta name=\"twitter:card\" content=\"summary_large_image\" \/>\n<script type=\"application\/ld+json\" class=\"yoast-schema-graph\">{\"@context\":\"https:\/\/schema.org\",\"@graph\":[{\"@type\":\"WebPage\",\"@id\":\"https:\/\/markahikayecisi.com\/?gallery=festive-valentino\",\"url\":\"https:\/\/markahikayecisi.com\/?gallery=festive-valentino\",\"name\":\"Festive Valentino - MarkaHikayecisi\",\"isPartOf\":{\"@id\":\"https:\/\/markahikayecisi.com\/#website\"},\"primaryImageOfPage\":{\"@id\":\"https:\/\/markahikayecisi.com\/?gallery=festive-valentino#primaryimage\"},\"image\":{\"@id\":\"https:\/\/markahikayecisi.com\/?gallery=festive-valentino#primaryimage\"},\"thumbnailUrl\":\"https:\/\/markahikayecisi.com\/wp-content\/uploads\/2015\/12\/IMG_2015.jpg\",\"datePublished\":\"2015-12-23T07:22:20+00:00\",\"dateModified\":\"2015-12-23T07:22:20+00:00\",\"breadcrumb\":{\"@id\":\"https:\/\/markahikayecisi.com\/?gallery=festive-valentino#breadcrumb\"},\"inLanguage\":\"tr\",\"potentialAction\":[{\"@type\":\"ReadAction\",\"target\":[\"https:\/\/markahikayecisi.com\/?gallery=festive-valentino\"]}]},{\"@type\":\"ImageObject\",\"inLanguage\":\"tr\",\"@id\":\"https:\/\/markahikayecisi.com\/?gallery=festive-valentino#primaryimage\",\"url\":\"https:\/\/markahikayecisi.com\/wp-content\/uploads\/2015\/12\/IMG_2015.jpg\",\"contentUrl\":\"https:\/\/markahikayecisi.com\/wp-content\/uploads\/2015\/12\/IMG_2015.jpg\",\"width\":480,\"height\":640},{\"@type\":\"BreadcrumbList\",\"@id\":\"https:\/\/markahikayecisi.com\/?gallery=festive-valentino#breadcrumb\",\"itemListElement\":[{\"@type\":\"ListItem\",\"position\":1,\"name\":\"Anasayfa\",\"item\":\"https:\/\/markahikayecisi.com\/\"},{\"@type\":\"ListItem\",\"position\":2,\"name\":\"Gallery\",\"item\":\"https:\/\/markahikayecisi.com\/?post_type=gallery\"},{\"@type\":\"ListItem\",\"position\":3,\"name\":\"Festive Valentino\"}]},{\"@type\":\"WebSite\",\"@id\":\"https:\/\/markahikayecisi.com\/#website\",\"url\":\"https:\/\/markahikayecisi.com\/\",\"name\":\"MarkaHikayecisi\",\"description\":\"Moda, Tasar\u0131m ve L\u00fcks T\u00fcketim Pazarlamas\u0131 \u00dczerine\",\"potentialAction\":[{\"@type\":\"SearchAction\",\"target\":{\"@type\":\"EntryPoint\",\"urlTemplate\":\"https:\/\/markahikayecisi.com\/?s={search_term_string}\"},\"query-input\":{\"@type\":\"PropertyValueSpecification\",\"valueRequired\":true,\"valueName\":\"search_term_string\"}}],\"inLanguage\":\"tr\"}]}<\/script>\n<!-- \/ Yoast SEO plugin. -->","yoast_head_json":{"title":"Festive Valentino - MarkaHikayecisi","robots":{"index":"index","follow":"follow","max-snippet":"max-snippet:-1","max-image-preview":"max-image-preview:large","max-video-preview":"max-video-preview:-1"},"canonical":"https:\/\/markahikayecisi.com\/?gallery=festive-valentino","og_locale":"tr_TR","og_type":"article","og_title":"Festive Valentino - MarkaHikayecisi","og_description":"Buras\u0131 Valentino&#8217;nun Milano ma\u011fazas\u0131. Vitrinlerin y\u0131lba\u015f\u0131 \u015fark\u0131lar\u0131na ait notalarla s\u00fcslenmesi sizce de \u00e7ok sempatik de\u011fil mi?...","og_url":"https:\/\/markahikayecisi.com\/?gallery=festive-valentino","og_site_name":"MarkaHikayecisi","og_image":[{"width":480,"height":640,"url":"https:\/\/markahikayecisi.com\/wp-content\/uploads\/2015\/12\/IMG_2015.jpg","type":"image\/jpeg"}],"twitter_card":"summary_large_image","schema":{"@context":"https:\/\/schema.org","@graph":[{"@type":"WebPage","@id":"https:\/\/markahikayecisi.com\/?gallery=festive-valentino","url":"https:\/\/markahikayecisi.com\/?gallery=festive-valentino","name":"Festive Valentino - MarkaHikayecisi","isPartOf":{"@id":"https:\/\/markahikayecisi.com\/#website"},"primaryImageOfPage":{"@id":"https:\/\/markahikayecisi.com\/?gallery=festive-valentino#primaryimage"},"image":{"@id":"https:\/\/markahikayecisi.com\/?gallery=festive-valentino#primaryimage"},"thumbnailUrl":"https:\/\/markahikayecisi.com\/wp-content\/uploads\/2015\/12\/IMG_2015.jpg","datePublished":"2015-12-23T07:22:20+00:00","dateModified":"2015-12-23T07:22:20+00:00","breadcrumb":{"@id":"https:\/\/markahikayecisi.com\/?gallery=festive-valentino#breadcrumb"},"inLanguage":"tr","potentialAction":[{"@type":"ReadAction","target":["https:\/\/markahikayecisi.com\/?gallery=festive-valentino"]}]},{"@type":"ImageObject","inLanguage":"tr","@id":"https:\/\/markahikayecisi.com\/?gallery=festive-valentino#primaryimage","url":"https:\/\/markahikayecisi.com\/wp-content\/uploads\/2015\/12\/IMG_2015.jpg","contentUrl":"https:\/\/markahikayecisi.com\/wp-content\/uploads\/2015\/12\/IMG_2015.jpg","width":480,"height":640},{"@type":"BreadcrumbList","@id":"https:\/\/markahikayecisi.com\/?gallery=festive-valentino#breadcrumb","itemListElement":[{"@type":"ListItem","position":1,"name":"Anasayfa","item":"https:\/\/markahikayecisi.com\/"},{"@type":"ListItem","position":2,"name":"Gallery","item":"https:\/\/markahikayecisi.com\/?post_type=gallery"},{"@type":"ListItem","position":3,"name":"Festive Valentino"}]},{"@type":"WebSite","@id":"https:\/\/markahikayecisi.com\/#website","url":"https:\/\/markahikayecisi.com\/","name":"MarkaHikayecisi","description":"Moda, Tasar\u0131m ve L\u00fcks T\u00fcketim Pazarlamas\u0131 \u00dczerine","potentialAction":[{"@type":"SearchAction","target":{"@type":"EntryPoint","urlTemplate":"https:\/\/markahikayecisi.com\/?s={search_term_string}"},"query-input":{"@type":"PropertyValueSpecification","valueRequired":true,"valueName":"search_term_string"}}],"inLanguage":"tr"}]}},"_links":{"self":[{"href":"https:\/\/markahikayecisi.com\/index.php?rest_route=\/wp\/v2\/gallery\/1431"}],"collection":[{"href":"https:\/\/markahikayecisi.com\/index.php?rest_route=\/wp\/v2\/gallery"}],"about":[{"href":"https:\/\/markahikayecisi.com\/index.php?rest_route=\/wp\/v2\/types\/gallery"}],"wp:featuredmedia":[{"embeddable":true,"href":"https:\/\/markahikayecisi.com\/index.php?rest_route=\/wp\/v2\/media\/1432"}],"wp:attachment":[{"href":"https:\/\/markahikayecisi.com\/index.php?rest_route=%2Fwp%2Fv2%2Fmedia&parent=1431"}],"wp:term":[{"taxonomy":"gallery-categories","embeddable":true,"href":"https:\/\/markahikayecisi.com\/index.php?rest_route=%2Fwp%2Fv2%2Fgallery-categories&post=1431"}],"curies":[{"name":"wp","href":"https:\/\/api.w.org\/{rel}","templated":true}]}}

<p><img fetchpriority="high" decoding="async" class="alignleft size-medium wp-image-1433" src="http://markahikayecisi.com/wp-content/uploads/2015/12/IMG_2013-225x300.jpg" alt="IMG_2013" width="225" height="300" srcset="https://markahikayecisi.com/wp-content/uploads/2015/12/IMG_2013-225x300.jpg 225w, https://markahikayecisi.com/wp-content/uploads/2015/12/IMG_2013-322x430.jpg 322w, https://markahikayecisi.com/wp-content/uploads/2015/12/IMG_2013.jpg 464w" sizes="(max-width: 225px) 100vw, 225px" />Burası Valentino&#8217;nun Milano mağazası. Vitrinlerin yılbaşı şarkılarına ait notalarla süslenmesi sizce de çok sempatik değil mi? :)</p>

<!-- This site is optimized with the Yoast SEO plugin v23.5 - https://yoast.com/wordpress/plugins/seo/ -->
<title>Festive Valentino - MarkaHikayecisi</title>
<meta name="robots" content="index, follow, max-snippet:-1, max-image-preview:large, max-video-preview:-1" />
<link rel="canonical" href="https://markahikayecisi.com/?gallery=festive-valentino" />
<meta property="og:locale" content="tr_TR" />
<meta property="og:type" content="article" />
<meta property="og:title" content="Festive Valentino - MarkaHikayecisi" />
<meta property="og:description" content="Burası Valentino&#8217;nun Milano mağazası. Vitrinlerin yılbaşı şarkılarına ait notalarla süslenmesi sizce de çok sempatik değil mi?..." />
<meta property="og:url" content="https://markahikayecisi.com/?gallery=festive-valentino" />
<meta property="og:site_name" content="MarkaHikayecisi" />
<meta property="og:image" content="https://markahikayecisi.com/wp-content/uploads/2015/12/IMG_2015.jpg" />
	<meta property="og:image:width" content="480" />
	<meta property="og:image:height" content="640" />
	<meta property="og:image:type" content="image/jpeg" />
<meta name="twitter:card" content="summary_large_image" />
<script type="application/ld+json" class="yoast-schema-graph">{"@context":"https://schema.org","@graph":[{"@type":"WebPage","@id":"https://markahikayecisi.com/?gallery=festive-valentino","url":"https://markahikayecisi.com/?gallery=festive-valentino","name":"Festive Valentino - MarkaHikayecisi","isPartOf":{"@id":"https://markahikayecisi.com/#website"},"primaryImageOfPage":{"@id":"https://markahikayecisi.com/?gallery=festive-valentino#primaryimage"},"image":{"@id":"https://markahikayecisi.com/?gallery=festive-valentino#primaryimage"},"thumbnailUrl":"https://markahikayecisi.com/wp-content/uploads/2015/12/IMG_2015.jpg","datePublished":"2015-12-23T07:22:20+00:00","dateModified":"2015-12-23T07:22:20+00:00","breadcrumb":{"@id":"https://markahikayecisi.com/?gallery=festive-valentino#breadcrumb"},"inLanguage":"tr","potentialAction":[{"@type":"ReadAction","target":["https://markahikayecisi.com/?gallery=festive-valentino"]}]},{"@type":"ImageObject","inLanguage":"tr","@id":"https://markahikayecisi.com/?gallery=festive-valentino#primaryimage","url":"https://markahikayecisi.com/wp-content/uploads/2015/12/IMG_2015.jpg","contentUrl":"https://markahikayecisi.com/wp-content/uploads/2015/12/IMG_2015.jpg","width":480,"height":640},{"@type":"BreadcrumbList","@id":"https://markahikayecisi.com/?gallery=festive-valentino#breadcrumb","itemListElement":[{"@type":"ListItem","position":1,"name":"Anasayfa","item":"https://markahikayecisi.com/"},{"@type":"ListItem","position":2,"name":"Gallery","item":"https://markahikayecisi.com/?post_type=gallery"},{"@type":"ListItem","position":3,"name":"Festive Valentino"}]},{"@type":"WebSite","@id":"https://markahikayecisi.com/#website","url":"https://markahikayecisi.com/","name":"MarkaHikayecisi","description":"Moda, Tasarım ve Lüks Tüketim Pazarlaması Üzerine","potentialAction":[{"@type":"SearchAction","target":{"@type":"EntryPoint","urlTemplate":"https://markahikayecisi.com/?s={search_term_string}"},"query-input":{"@type":"PropertyValueSpecification","valueRequired":true,"valueName":"search_term_string"}}],"inLanguage":"tr"}]}</script>
<!-- / Yoast SEO plugin. -->

Burası Valentino&#8217;nun Milano mağazası. Vitrinlerin yılbaşı şarkılarına ait notalarla süslenmesi sizce de çok sempatik değil mi?...

Moda, Tasarım ve Lüks Tüketim Pazarlaması Üzerine
